{"id":186,"date":"2021-10-12T09:58:02","date_gmt":"2021-10-12T09:58:02","guid":{"rendered":"https:\/\/veinerschull.lu\/?page_id=186"},"modified":"2024-09-07T08:12:19","modified_gmt":"2024-09-07T08:12:19","slug":"la-direction","status":"publish","type":"page","link":"https:\/\/veinerschull.lu\/index.php\/la-direction\/","title":{"rendered":"LA DIRECTION"},"content":{"rendered":"<div class=\"wpb-content-wrapper\"><p>[vc_row][vc_column][vc_column_text]<\/p>\n<div class=\"page\" title=\"Page 5\">\n<div class=\"layoutArea\">\n<div class=\"column\">\n<h4>La direction de l\u2019enseignement fondamental DIEKIRCH (Re\u0301gion 14)<\/h4>\n<div class=\"page\" title=\"Page 5\">\n<div class=\"section\">\n<div class=\"layoutArea\">\n<div class=\"column\">\n<p>La loi du 29 juin 2017 portant modification de la loi modifie\u0301e du 6 fe\u0301vrier 2009 portant organisation de l\u2019enseignement fondamental divise le pays en quinze re\u0301gions.<\/p>\n<p>Chaque re\u0301gion est pourvue d\u2019une direction dirige\u0301e par un directeur assiste\u0301 dans l\u2019exercice de ses fonctions par des directeurs adjoints. Le directeur veille au bon fonctionnement des e\u0301coles publiques de l\u2019enseignement fondamental de la re\u0301gion et il est responsable de la gestion pe\u0301dagogique et administrative des e\u0301coles de la re\u0301gion. Le directeur repre\u0301sente le ministre aupre\u0300s des communaute\u0301s scolaires de la re\u0301gion et il soutient le dialogue, ainsi que la concertation entre les partenaires scolaires.<\/p>\n<\/div>\n<\/div>\n<\/div>\n<\/div>\n<\/div>\n<\/div>\n<\/div>\n<p>[\/vc_column_text][vc_column_text][\/vc_column_text][\/vc_column][\/vc_row][vc_row][vc_column width=&#8220;2\/3&#8243;][vc_column_text css=&#8220;&#8220;]<\/p>\n<h4><span style=\"color: #ff0000;\"><a style=\"color: #ff0000;\" href=\"https:\/\/www.diref14.lu\" target=\"_blank\" rel=\"noopener\"><strong>Bienvenue \u00e0 la Direction de l\u2019enseignement fondamental<\/strong><\/a><\/span><\/h4>\n<p class=\"has-medium-font-size\">Comptant quelques 4200 \u00e9l\u00e8ves encadr\u00e9s par pr\u00e8s de 700 enseignants, la Direction de l\u2019enseignement fondamental \u2013 Direction Diekirch regroupe un syndicat intercommunal et les \u00e9coles fondamentales des 12 communes suivantes:<\/p>\n<p>Plus d&#8217;infos: <a href=\"https:\/\/www.diref14.lu\/\" target=\"_blank\" rel=\"noopener\">https:\/\/www.diref14.lu\/<\/a>[\/vc_column_text][\/vc_column][vc_column width=&#8220;1\/3&#8243;][vc_single_image image=&#8220;385&#8243; img_size=&#8220;large&#8220; alignment=&#8220;center&#8220; onclick=&#8220;custom_link&#8220; img_link_target=&#8220;_blank&#8220; css=&#8220;&#8220; link=&#8220;https:\/\/www.diref14.lu\/direction\/&#8220;][\/vc_column][\/vc_row][vc_row][vc_column][vc_empty_space][vc_separator color=&#8220;green&#8220;][vc_empty_space][\/vc_column][\/vc_row][vc_row][vc_column width=&#8220;2\/3&#8243;][vc_column_text]<strong>Le directeur en charge de l\u2019e\u0301cole de Vianden est Monsieur<\/strong>[\/vc_column_text][vc_column_text]<\/p>\n<h3><strong>ROETTGERS G\u00e9rard<\/strong><\/h3>\n<p class=\"has-normal-font-size\"><strong>Responsabilit\u00e9s<\/strong><\/p>\n<ul>\n<li>Repr\u00e9sentant du ministre<\/li>\n<li>Coordination g\u00e9n\u00e9rale<\/li>\n<li>Gestion des ressources humaines et affectations<\/li>\n<li>Organisation scolaire<\/li>\n<li>Relation avec les communes et commissions scolaires<\/li>\n<li>Questions juridiques<\/li>\n<\/ul>\n<p>[\/vc_column_text][\/vc_column][vc_column width=&#8220;1\/3&#8243;][vc_single_image image=&#8220;923&#8243; img_size=&#8220;large&#8220; alignment=&#8220;center&#8220; style=&#8220;vc_box_rounded&#8220; onclick=&#8220;zoom&#8220;][\/vc_column][\/vc_row][vc_row][vc_column][vc_empty_space][vc_separator color=&#8220;green&#8220;][vc_empty_space][\/vc_column][\/vc_row][vc_row][vc_column width=&#8220;1\/2&#8243; css=&#8220;.vc_custom_1689097467195{border-radius: 1px !important;}&#8220;][vc_single_image image=&#8220;924&#8243; img_size=&#8220;medium&#8220; alignment=&#8220;center&#8220; style=&#8220;vc_box_rounded&#8220;][vc_column_text]<\/p>\n<h3 class=\"tw-mb-2 has-h-5-font-size\" style=\"text-align: center;\">HEFTRICH Nathalie<\/h3>\n<p class=\"has-normal-font-size\" style=\"text-align: center;\"><strong>Directrice adjointe<\/strong><\/p>\n<p style=\"text-align: center;\"><strong>Responsabilit\u00e9s<\/strong><\/p>\n<ul style=\"text-align: left;\">\n<li style=\"text-align: center;\">ESEB<\/li>\n<li style=\"text-align: center;\">Gestion du personnel socio-\u00e9ducatif<\/li>\n<li style=\"text-align: center;\">Coordination des ateliers et projets socio-\u00e9ducatifs<\/li>\n<li style=\"text-align: center;\">Formation continue<\/li>\n<li style=\"text-align: center;\">D\u00e9veloppement scolaire et lien avec les I-DS<\/li>\n<\/ul>\n<p>[\/vc_column_text][\/vc_column][vc_column width=&#8220;1\/2&#8243;][vc_single_image image=&#8220;926&#8243; img_size=&#8220;medium&#8220; alignment=&#8220;center&#8220; style=&#8220;vc_box_rounded&#8220;][vc_column_text]<\/p>\n<div class=\"column\">\n<h3 class=\"tw-mb-2 has-h-5-font-size\" style=\"text-align: center;\">LEPAGE Patrick<\/h3>\n<p class=\"has-normal-font-size\" style=\"text-align: center;\"><strong>Directeur adjoint<\/strong><\/p>\n<p style=\"text-align: center;\"><strong>Responsabilit\u00e9s<\/strong><\/p>\n<ul>\n<li style=\"text-align: center;\">Pr\u00e9sidence CI<\/li>\n<li style=\"text-align: center;\">Coordination ESEB<\/li>\n<li style=\"text-align: center;\">Assistance en classe<\/li>\n<li style=\"text-align: center;\">Lien avec les I-EBS<\/li>\n<li style=\"text-align: center;\">Organisation scolaire<\/li>\n<\/ul>\n<\/div>\n<p>[\/vc_column_text][\/vc_column][\/vc_row][vc_row][vc_column][vc_empty_space][vc_separator][vc_empty_space][\/vc_column][\/vc_row][vc_row][vc_column width=&#8220;1\/2&#8243;][vc_single_image image=&#8220;927&#8243; img_size=&#8220;medium&#8220; alignment=&#8220;center&#8220; style=&#8220;vc_box_rounded&#8220;][vc_column_text]<\/p>\n<h3 class=\"tw-mb-2 has-h-5-font-size\" style=\"text-align: center;\">REIS Luc<\/h3>\n<p class=\"has-normal-font-size\" style=\"text-align: center;\"><strong>Directeur adjoint<\/strong><\/p>\n<p style=\"text-align: center;\"><strong>Responsabilit\u00e9s<\/strong><\/p>\n<ul>\n<li style=\"text-align: center;\">Gestion de l\u2019administration<\/li>\n<li style=\"text-align: center;\">Responsable informatique<\/li>\n<li style=\"text-align: center;\">Accueil des \u00e9l\u00e8ves primo-arrivant et\u00a0les classes \u00e9tatiques<\/li>\n<li style=\"text-align: center;\">Allongement de cycle<\/li>\n<li style=\"text-align: center;\">Passage de l\u2019enseignement fondamental \u00e0 l\u2019enseignement secondaire<\/li>\n<li style=\"text-align: center;\">Relation avec les repr\u00e9sentants des parents<\/li>\n<\/ul>\n<p>[\/vc_column_text][\/vc_column][vc_column width=&#8220;1\/2&#8243;][vc_single_image image=&#8220;925&#8243; img_size=&#8220;medium&#8220; alignment=&#8220;center&#8220; style=&#8220;vc_box_rounded&#8220;][vc_column_text]<\/p>\n<h3 class=\"tw-mb-2 has-h-5-font-size\" style=\"text-align: center;\">WITRY Victorine<\/h3>\n<p class=\"has-normal-font-size\" style=\"text-align: center;\"><strong>Directrice adjointe<\/strong><\/p>\n<p style=\"text-align: center;\"><strong>Responsabilit\u00e9s<\/strong><\/p>\n<ul>\n<li style=\"text-align: center;\">Gestion et coordination des stages du personnel enseignant (fonctionnaires et employ\u00e9s)<\/li>\n<li style=\"text-align: center;\">Gestion et coordination du stage de remplacement<\/li>\n<li style=\"text-align: center;\">Note d\u2019inspection du personnel enseignant<\/li>\n<li style=\"text-align: center;\">Enseignement \u00e0 domicile<\/li>\n<\/ul>\n<p>[\/vc_column_text][\/vc_column][\/vc_row][vc_row][vc_column][vc_empty_space][vc_empty_space][\/vc_column][\/vc_row][vc_row][vc_column][vc_column_text]<\/p>\n<div class=\"layoutArea\">\n<div class=\"column\">\n<p>&nbsp;<\/p>\n<\/div>\n<\/div>\n<div class=\"page\" title=\"Page 5\">\n<div class=\"section\">\n<div class=\"layoutArea\">\n<div class=\"column\">\n<p>Adresse : \u00a0Maison de l\u2019orientation \u00ab Beim Park \u00bb (2e e\u0301tage) 7, avenue de la Gare L-9233 Diekirch<\/p>\n<\/div>\n<div class=\"column\">\n<p>Te\u0301l : + 352 247-55870<\/p>\n<p>Mail: <a href=\"mailto:secretariat.diekirch@men.lu\" target=\"_blank\" rel=\"noopener\">secretariat.diekirch@men.lu<\/a><\/p>\n<\/div>\n<\/div>\n<\/div>\n<\/div>\n<p>[\/vc_column_text][\/vc_column][\/vc_row]<\/p>\n<\/div>","protected":false},"excerpt":{"rendered":"<p>[vc_row][vc_column][vc_column_text] La direction de l\u2019enseignement fondamental DIEKIRCH (Re\u0301gion 14) La loi du 29 juin 2017 portant modification de la loi modifie\u0301e du 6 fe\u0301vrier 2009 portant organisation de l\u2019enseignement fondamental divise le pays en quinze re\u0301gions. Chaque re\u0301gion est pourvue d\u2019une direction dirige\u0301e par un directeur assiste\u0301 dans l\u2019exercice de ses fonctions par des directeurs&hellip;<\/p>\n","protected":false},"author":1,"featured_media":0,"parent":0,"menu_order":0,"comment_status":"closed","ping_status":"closed","template":"","meta":{"footnotes":""},"class_list":["post-186","page","type-page","status-publish","hentry","description-off"],"_links":{"self":[{"href":"https:\/\/veinerschull.lu\/index.php\/wp-json\/wp\/v2\/pages\/186","targetHints":{"allow":["GET"]}}],"collection":[{"href":"https:\/\/veinerschull.lu\/index.php\/wp-json\/wp\/v2\/pages"}],"about":[{"href":"https:\/\/veinerschull.lu\/index.php\/wp-json\/wp\/v2\/types\/page"}],"author":[{"embeddable":true,"href":"https:\/\/veinerschull.lu\/index.php\/wp-json\/wp\/v2\/users\/1"}],"replies":[{"embeddable":true,"href":"https:\/\/veinerschull.lu\/index.php\/wp-json\/wp\/v2\/comments?post=186"}],"version-history":[{"count":24,"href":"https:\/\/veinerschull.lu\/index.php\/wp-json\/wp\/v2\/pages\/186\/revisions"}],"predecessor-version":[{"id":1551,"href":"https:\/\/veinerschull.lu\/index.php\/wp-json\/wp\/v2\/pages\/186\/revisions\/1551"}],"wp:attachment":[{"href":"https:\/\/veinerschull.lu\/index.php\/wp-json\/wp\/v2\/media?parent=186"}],"curies":[{"name":"wp","href":"https:\/\/api.w.org\/{rel}","templated":true}]}}

<div class="wpb-content-wrapper"><p>[vc_row][vc_column][vc_column_text]</p>
<div class="page" title="Page 5">
<div class="layoutArea">
<div class="column">
<h4>La direction de l’enseignement fondamental DIEKIRCH (Région 14)</h4>
<div class="page" title="Page 5">
<div class="section">
<div class="layoutArea">
<div class="column">
<p>La loi du 29 juin 2017 portant modification de la loi modifiée du 6 février 2009 portant organisation de l’enseignement fondamental divise le pays en quinze régions.</p>
<p>Chaque région est pourvue d’une direction dirigée par un directeur assisté dans l’exercice de ses fonctions par des directeurs adjoints. Le directeur veille au bon fonctionnement des écoles publiques de l’enseignement fondamental de la région et il est responsable de la gestion pédagogique et administrative des écoles de la région. Le directeur représente le ministre auprès des communautés scolaires de la région et il soutient le dialogue, ainsi que la concertation entre les partenaires scolaires.</p>
</div>
</div>
</div>
</div>
</div>
</div>
</div>
<p>[/vc_column_text][vc_column_text][/vc_column_text][/vc_column][/vc_row][vc_row][vc_column width=&#8220;2/3&#8243;][vc_column_text css=&#8220;&#8220;]</p>
<h4><span style="color: #ff0000;"><a style="color: #ff0000;" href="https://www.diref14.lu" target="_blank" rel="noopener"><strong>Bienvenue à la Direction de l’enseignement fondamental</strong></a></span></h4>
<p class="has-medium-font-size">Comptant quelques 4200 élèves encadrés par près de 700 enseignants, la Direction de l’enseignement fondamental – Direction Diekirch regroupe un syndicat intercommunal et les écoles fondamentales des 12 communes suivantes:</p>
<p>Plus d&#8217;infos: <a href="https://www.diref14.lu/" target="_blank" rel="noopener">https://www.diref14.lu/</a>[/vc_column_text][/vc_column][vc_column width=&#8220;1/3&#8243;][vc_single_image image=&#8220;385&#8243; img_size=&#8220;large&#8220; alignment=&#8220;center&#8220; onclick=&#8220;custom_link&#8220; img_link_target=&#8220;_blank&#8220; css=&#8220;&#8220; link=&#8220;https://www.diref14.lu/direction/&#8220;][/vc_column][/vc_row][vc_row][vc_column][vc_empty_space][vc_separator color=&#8220;green&#8220;][vc_empty_space][/vc_column][/vc_row][vc_row][vc_column width=&#8220;2/3&#8243;][vc_column_text]<strong>Le directeur en charge de l’école de Vianden est Monsieur</strong>[/vc_column_text][vc_column_text]</p>
<h3><strong>ROETTGERS Gérard</strong></h3>
<p class="has-normal-font-size"><strong>Responsabilités</strong></p>
<ul>
<li>Représentant du ministre</li>
<li>Coordination générale</li>
<li>Gestion des ressources humaines et affectations</li>
<li>Organisation scolaire</li>
<li>Relation avec les communes et commissions scolaires</li>
<li>Questions juridiques</li>
</ul>
<p>[/vc_column_text][/vc_column][vc_column width=&#8220;1/3&#8243;][vc_single_image image=&#8220;923&#8243; img_size=&#8220;large&#8220; alignment=&#8220;center&#8220; style=&#8220;vc_box_rounded&#8220; onclick=&#8220;zoom&#8220;][/vc_column][/vc_row][vc_row][vc_column][vc_empty_space][vc_separator color=&#8220;green&#8220;][vc_empty_space][/vc_column][/vc_row][vc_row][vc_column width=&#8220;1/2&#8243; css=&#8220;.vc_custom_1689097467195{border-radius: 1px !important;}&#8220;][vc_single_image image=&#8220;924&#8243; img_size=&#8220;medium&#8220; alignment=&#8220;center&#8220; style=&#8220;vc_box_rounded&#8220;][vc_column_text]</p>
<h3 class="tw-mb-2 has-h-5-font-size" style="text-align: center;">HEFTRICH Nathalie</h3>
<p class="has-normal-font-size" style="text-align: center;"><strong>Directrice adjointe</strong></p>
<p style="text-align: center;"><strong>Responsabilités</strong></p>
<ul style="text-align: left;">
<li style="text-align: center;">ESEB</li>
<li style="text-align: center;">Gestion du personnel socio-éducatif</li>
<li style="text-align: center;">Coordination des ateliers et projets socio-éducatifs</li>
<li style="text-align: center;">Formation continue</li>
<li style="text-align: center;">Développement scolaire et lien avec les I-DS</li>
</ul>
<p>[/vc_column_text][/vc_column][vc_column width=&#8220;1/2&#8243;][vc_single_image image=&#8220;926&#8243; img_size=&#8220;medium&#8220; alignment=&#8220;center&#8220; style=&#8220;vc_box_rounded&#8220;][vc_column_text]</p>
<div class="column">
<h3 class="tw-mb-2 has-h-5-font-size" style="text-align: center;">LEPAGE Patrick</h3>
<p class="has-normal-font-size" style="text-align: center;"><strong>Directeur adjoint</strong></p>
<p style="text-align: center;"><strong>Responsabilités</strong></p>
<ul>
<li style="text-align: center;">Présidence CI</li>
<li style="text-align: center;">Coordination ESEB</li>
<li style="text-align: center;">Assistance en classe</li>
<li style="text-align: center;">Lien avec les I-EBS</li>
<li style="text-align: center;">Organisation scolaire</li>
</ul>
</div>
<p>[/vc_column_text][/vc_column][/vc_row][vc_row][vc_column][vc_empty_space][vc_separator][vc_empty_space][/vc_column][/vc_row][vc_row][vc_column width=&#8220;1/2&#8243;][vc_single_image image=&#8220;927&#8243; img_size=&#8220;medium&#8220; alignment=&#8220;center&#8220; style=&#8220;vc_box_rounded&#8220;][vc_column_text]</p>
<h3 class="tw-mb-2 has-h-5-font-size" style="text-align: center;">REIS Luc</h3>
<p class="has-normal-font-size" style="text-align: center;"><strong>Directeur adjoint</strong></p>
<p style="text-align: center;"><strong>Responsabilités</strong></p>
<ul>
<li style="text-align: center;">Gestion de l’administration</li>
<li style="text-align: center;">Responsable informatique</li>
<li style="text-align: center;">Accueil des élèves primo-arrivant et les classes étatiques</li>
<li style="text-align: center;">Allongement de cycle</li>
<li style="text-align: center;">Passage de l’enseignement fondamental à l’enseignement secondaire</li>
<li style="text-align: center;">Relation avec les représentants des parents</li>
</ul>
<p>[/vc_column_text][/vc_column][vc_column width=&#8220;1/2&#8243;][vc_single_image image=&#8220;925&#8243; img_size=&#8220;medium&#8220; alignment=&#8220;center&#8220; style=&#8220;vc_box_rounded&#8220;][vc_column_text]</p>
<h3 class="tw-mb-2 has-h-5-font-size" style="text-align: center;">WITRY Victorine</h3>
<p class="has-normal-font-size" style="text-align: center;"><strong>Directrice adjointe</strong></p>
<p style="text-align: center;"><strong>Responsabilités</strong></p>
<ul>
<li style="text-align: center;">Gestion et coordination des stages du personnel enseignant (fonctionnaires et employés)</li>
<li style="text-align: center;">Gestion et coordination du stage de remplacement</li>
<li style="text-align: center;">Note d’inspection du personnel enseignant</li>
<li style="text-align: center;">Enseignement à domicile</li>
</ul>
<p>[/vc_column_text][/vc_column][/vc_row][vc_row][vc_column][vc_empty_space][vc_empty_space][/vc_column][/vc_row][vc_row][vc_column][vc_column_text]</p>
<div class="layoutArea">
<div class="column">
<p>&nbsp;</p>
</div>
</div>
<div class="page" title="Page 5">
<div class="section">
<div class="layoutArea">
<div class="column">
<p>Adresse :  Maison de l’orientation « Beim Park » (2e étage) 7, avenue de la Gare L-9233 Diekirch</p>
</div>
<div class="column">
<p>Tél : + 352 247-55870</p>
<p>Mail: <a href="mailto:secretariat.diekirch@men.lu" target="_blank" rel="noopener">secretariat.diekirch@men.lu</a></p>
</div>
</div>
</div>
</div>
<p>[/vc_column_text][/vc_column][/vc_row]</p>
</div>
